{"id":1468,"date":"2023-10-20T23:37:56","date_gmt":"2023-10-20T21:37:56","guid":{"rendered":"https:\/\/peachpuff-tapir-499863.hostingersite.com\/?page_id=1468"},"modified":"2026-01-31T00:58:21","modified_gmt":"2026-01-30T23:58:21","slug":"otros","status":"publish","type":"page","link":"https:\/\/colbiolima.org\/?page_id=1468","title":{"rendered":"Otros"},"content":{"rendered":"\t\t<div data-elementor-type=\"wp-page\" data-elementor-id=\"1468\" class=\"elementor elementor-1468\">\n\t\t\t\t\t\t<section class=\"elementor-section elementor-top-section elementor-element elementor-element-vnzx1qp elementor-section-height-min-height elementor-section-boxed elementor-section-height-default elementor-section-items-middle wpr-particle-no wpr-jarallax-no wpr-parallax-no wpr-sticky-section-no wpr-equal-height-no\" data-id=\"vnzx1qp\" data-element_type=\"section\" data-e-type=\"section\" data-settings=\"{&quot;background_background&quot;:&quot;classic&quot;}\">\n\t\t\t\t\t\t\t<div class=\"elementor-background-overlay\"><\/div>\n\t\t\t\t\t\t\t<div class=\"elementor-container elementor-column-gap-default\">\n\t\t\t\t\t<div class=\"elementor-column elementor-col-100 elementor-top-column elementor-element elementor-element-6a5337e\" data-id=\"6a5337e\" data-element_type=\"column\" data-e-type=\"column\">\n\t\t\t<div class=\"elementor-widget-wrap elementor-element-populated\">\n\t\t\t\t\t\t<div class=\"elementor-element elementor-element-feefb6c elementor-invisible elementor-widget elementor-widget-heading\" data-id=\"feefb6c\" data-element_type=\"widget\" data-e-type=\"widget\" data-settings=\"{&quot;_animation&quot;:&quot;fadeIn&quot;}\" data-widget_type=\"heading.default\">\n\t\t\t\t<div class=\"elementor-widget-container\">\n\t\t\t\t\t<h1 class=\"elementor-heading-title elementor-size-default\">OTROS  SERVICIOS<\/h1>\t\t\t\t<\/div>\n\t\t\t\t<\/div>\n\t\t\t\t\t<\/div>\n\t\t<\/div>\n\t\t\t\t\t<\/div>\n\t\t<\/section>\n\t\t\t\t<section class=\"elementor-section elementor-top-section elementor-element elementor-element-418fe21 elementor-section-boxed elementor-section-height-default elementor-section-height-default wpr-particle-no wpr-jarallax-no wpr-parallax-no wpr-sticky-section-no wpr-equal-height-no\" data-id=\"418fe21\" data-element_type=\"section\" data-e-type=\"section\">\n\t\t\t\t\t\t<div class=\"elementor-container elementor-column-gap-default\">\n\t\t\t\t\t<div class=\"elementor-column elementor-col-100 elementor-top-column elementor-element elementor-element-c4a1b99\" data-id=\"c4a1b99\" data-element_type=\"column\" data-e-type=\"column\">\n\t\t\t<div class=\"elementor-widget-wrap elementor-element-populated\">\n\t\t\t\t\t\t<div class=\"elementor-element elementor-element-834fd8c elementor-widget elementor-widget-heading\" data-id=\"834fd8c\" data-element_type=\"widget\" data-e-type=\"widget\" id=\"traslado\" data-widget_type=\"heading.default\">\n\t\t\t\t<div class=\"elementor-widget-container\">\n\t\t\t\t\t<h2 class=\"elementor-heading-title elementor-size-default\">SERVICIO DE MODIFICACI\u00d3N DE SEDE INSTITUCIONAL<\/h2>\t\t\t\t<\/div>\n\t\t\t\t<\/div>\n\t\t\t\t<div class=\"elementor-element elementor-element-af9dad8 elementor-widget elementor-widget-text-editor\" data-id=\"af9dad8\" data-element_type=\"widget\" data-e-type=\"widget\" data-widget_type=\"text-editor.default\">\n\t\t\t\t<div class=\"elementor-widget-container\">\n\t\t\t\t\t\t\t\t\t<ul><li>Presentar una solicitud de traslado (<a href=\"https:\/\/drive.google.com\/file\/d\/1Q_Jkgg3AxTwyxHhIB8Pw-ZpYnAD8rkn0\/view?usp=sharing\" target=\"_blank\" rel=\"noopener\">descargar<\/a>),\u00a0<span style=\"background-color: var(--ast-global-color-5); font-size: 1rem;\">dirigida al Decano Nacional del Colegio de Bi\u00f3logos del Per\u00fa, a trav\u00e9s del Consejo Regional de Origen o al Consejo Regional donde se encuentra laborando.<\/span><\/li><li><span style=\"font-style: inherit; font-weight: inherit; background-color: var(--ast-global-color-5);\">Constancia de no adeudo, cuyo tr\u00e1mite lo deber\u00e1 realizar en su regi\u00f3n de origen.<\/span><\/li><li><span style=\"font-style: inherit; font-weight: inherit; background-color: var(--ast-global-color-5);\">Adjuntar ficha de actualizaci\u00f3n de datos (<\/span><a style=\"font-style: inherit; font-weight: inherit;\" href=\"https:\/\/docs.google.com\/document\/d\/18dzoIo3QfIB8ehYdBLpKABo1JWm3bJ6Z\/edit?usp=sharing&amp;ouid=114143441514410466946&amp;rtpof=true&amp;sd=true\" target=\"_blank\" rel=\"noopener\">descargar<\/a><span style=\"font-style: inherit; font-weight: inherit; background-color: var(--ast-global-color-5);\">)<\/span><\/li><\/ul><p style=\"font-size: 16px; font-style: normal; font-weight: 400; text-align: center;\">Pago de S\/. 66.50<\/p><p style=\"font-size: 16px; font-style: normal; font-weight: 400; color: #020202; text-align: center;\"><span style=\"font-weight: bold;\">Banco Scotiabank<\/span><br \/>Cuenta Corriente Soles<br \/>N\u00b0 3853339\u00a0<br \/>CCI 009-097-00000-3853339-74<br \/><span style=\"font-weight: bold;\">Colegio de Bi\u00f3logos del Per\u00fa \u2013 Consejo Nacional<\/span><\/p><p style=\"font-size: 16px; font-style: normal; font-weight: 400; color: #020202; text-align: center;\"><span style=\"font-weight: bold;\">RUC: 20433624531<\/span><\/p>\t\t\t\t\t\t\t\t<\/div>\n\t\t\t\t<\/div>\n\t\t\t\t<div class=\"elementor-element elementor-element-b673996 elementor-widget elementor-widget-heading\" data-id=\"b673996\" data-element_type=\"widget\" data-e-type=\"widget\" id=\"carnet\" data-widget_type=\"heading.default\">\n\t\t\t\t<div class=\"elementor-widget-container\">\n\t\t\t\t\t<h2 class=\"elementor-heading-title elementor-size-default\">SERVICIO DE REPOSICI\u00d3N O RENOVACI\u00d3N DE CREDENCIAL PROFESIONAL<\/h2>\t\t\t\t<\/div>\n\t\t\t\t<\/div>\n\t\t\t\t<div class=\"elementor-element elementor-element-e344d73 elementor-widget elementor-widget-text-editor\" data-id=\"e344d73\" data-element_type=\"widget\" data-e-type=\"widget\" data-widget_type=\"text-editor.default\">\n\t\t\t\t<div class=\"elementor-widget-container\">\n\t\t\t\t\t\t\t\t\t<ul><li>Presentar una s<span style=\"font-style: inherit; font-weight: inherit; background-color: var(--ast-global-color-5);\">olicitud simple dirigida al Decana Nacional (<a href=\"https:\/\/docs.google.com\/document\/d\/15fVr2vOnlmmDLytpGBcJYvrmBggpiw7A\/edit?usp=sharing&amp;ouid=114143441514410466946&amp;rtpof=true&amp;sd=true\">descarga<\/a>).<\/span><\/li><li><span style=\"font-style: inherit; font-weight: inherit; background-color: var(--ast-global-color-5);\">Voucher del pago.<\/span><\/li><li><span style=\"font-style: inherit; font-weight: inherit; background-color: var(--ast-global-color-5);\">Foto digital en formato JPG (de frente, fondo blanco)<\/span><span style=\"font-style: inherit; font-weight: inherit; background-color: var(--ast-global-color-5);\">.<\/span><\/li><\/ul><p style=\"text-align: center;\">Pago de S\/. 41.50<\/p><p style=\"font-size: 16px; font-style: normal; font-weight: 400; color: #020202; text-align: center;\"><span style=\"font-weight: bold;\">Banco Scotiabank<\/span><br \/>Cuenta Corriente Soles<br \/>N\u00b0 3853339\u00a0<br \/>CCI 009-097-00000-3853339-74<br \/><span style=\"font-weight: bold;\">Colegio de Bi\u00f3logos del Per\u00fa \u2013 Consejo Nacional<\/span><\/p><p style=\"font-size: 16px; font-style: normal; font-weight: 400; color: #020202; text-align: center;\"><span style=\"font-weight: bold;\">RUC: 20433624531<\/span><\/p>\t\t\t\t\t\t\t\t<\/div>\n\t\t\t\t<\/div>\n\t\t\t\t<div class=\"elementor-element elementor-element-5035253 elementor-widget elementor-widget-heading\" data-id=\"5035253\" data-element_type=\"widget\" data-e-type=\"widget\" id=\"distintivos\" data-widget_type=\"heading.default\">\n\t\t\t\t<div class=\"elementor-widget-container\">\n\t\t\t\t\t<h2 class=\"elementor-heading-title elementor-size-default\">REPOSICI\u00d3N O RENOVACI\u00d3N DE DISTINTIVOS<\/h2>\t\t\t\t<\/div>\n\t\t\t\t<\/div>\n\t\t\t\t<div class=\"elementor-element elementor-element-9e66a10 elementor-widget elementor-widget-text-editor\" data-id=\"9e66a10\" data-element_type=\"widget\" data-e-type=\"widget\" data-widget_type=\"text-editor.default\">\n\t\t\t\t<div class=\"elementor-widget-container\">\n\t\t\t\t\t\t\t\t\t<ul><li><span style=\"font-style: inherit; font-weight: inherit; background-color: var(--ast-global-color-5);\">Servicio de entrega de medalla institucional = S\/. 66.50<\/span><\/li><li>Medalla de Directivo = S\/. 60.00<\/li><li>Solapero = S\/. 18.00<\/li><li>Servicio de emisi\u00f3n de sello profesional = S\/. 41.50<\/li><li>Servicio de acreditaci\u00f3n formal de condici\u00f3n de colegiado\u00a0 = S\/. 66.50<\/li><li><span style=\"font-style: inherit; font-weight: inherit; background-color: var(--ast-global-color-5);\">Servicio de reemisi\u00f3n de diploma institucional = S\/. 116.50<\/span><\/li><li>Sticker de Segunda Especialidad = S\/. 30.00<\/li><li><span style=\"font-style: inherit; font-weight: inherit; background-color: var(--ast-global-color-5);\">Servicio de reemisi\u00f3n de diploma segunda especialidad = S\/. 116.50<\/span><\/li><li>Fedateo de Documentos: S\/. 56.50<\/li><\/ul><p>Ficha de actualizaci\u00f3n necesaria para realizar cualquiera de las reposiciones o renovaci\u00f3n (<a href=\"https:\/\/docs.google.com\/document\/d\/1njd816Id3tOcnqMWOE8ns9papACrH_b9\/edit?usp=sharing&amp;ouid=114143441514410466946&amp;rtpof=true&amp;sd=true\" target=\"_blank\" rel=\"noopener\">descargar<\/a>)<\/p><p style=\"text-align: center;\">El pago correspondiente deber\u00e1 ser abonado a:<\/p><p style=\"font-size: 16px; font-style: normal; font-weight: 400; color: #020202; text-align: center;\"><span style=\"font-weight: bold;\">Banco Scotiabank<\/span><br \/>Cuenta Corriente Soles<br \/>N\u00b0 3853339\u00a0<br \/>CCI 009-097-00000-3853339-74<br \/><span style=\"font-weight: bold;\">Colegio de Bi\u00f3logos del Per\u00fa \u2013 Consejo Nacional<\/span><\/p><p style=\"font-size: 16px; font-style: normal; font-weight: 400; color: #020202; text-align: center;\"><span style=\"font-weight: bold;\">RUC: 20433624531<\/span><\/p>\t\t\t\t\t\t\t\t<\/div>\n\t\t\t\t<\/div>\n\t\t\t\t<div class=\"elementor-element elementor-element-49802cb elementor-widget elementor-widget-heading\" data-id=\"49802cb\" data-element_type=\"widget\" data-e-type=\"widget\" data-widget_type=\"heading.default\">\n\t\t\t\t<div class=\"elementor-widget-container\">\n\t\t\t\t\t<h2 class=\"elementor-heading-title elementor-size-default\">MIEMBROS VITALICIOS<\/h2>\t\t\t\t<\/div>\n\t\t\t\t<\/div>\n\t\t\t\t<div class=\"elementor-element elementor-element-db88852 elementor-widget elementor-widget-text-editor\" data-id=\"db88852\" data-element_type=\"widget\" data-e-type=\"widget\" data-widget_type=\"text-editor.default\">\n\t\t\t\t<div class=\"elementor-widget-container\">\n\t\t\t\t\t\t\t\t\t<p>Conforme al Art. 23\u00b0 del Estatuto y Reglamento vigente del Colegio de Bi\u00f3logos del Per\u00fa, los miembros de la orden que hayan cumplido con sus cotizaciones por un per\u00edodo ininterrumpido de 30 a\u00f1os, o cuya edad cronol\u00f3gica sea igual o mayor a 65 a\u00f1os con aportes de cotizaciones por un per\u00edodo ininterrumpido de 25 a\u00f1os, pueden solicitar ser miembros vitalicios presentando lo siguiente:<\/p><ul><li>Solicitud\u00a0(<a href=\"https:\/\/docs.google.com\/document\/d\/1NLT0ye07wLvotH2JJXf77nqdGT7GScWW\/edit?usp=sharing&amp;ouid=114143441514410466946&amp;rtpof=true&amp;sd=true\">descargar<\/a>).<\/li><li>Ficha de Actualizaci\u00f3n de Datos (<a href=\"https:\/\/docs.google.com\/document\/d\/17Wu5iL45V40NX_yVchcbL167pYSgJWs8\/edit?usp=sharing&amp;ouid=114143441514410466946&amp;rtpof=true&amp;sd=true\" target=\"_blank\" rel=\"noopener\">descargar<\/a>).<\/li><li>Constancia de <strong>NO ADEUDO<\/strong> (deber\u00e1 comunicarse con el <strong>\u00c1rea de Tesorer\u00eda<\/strong> a trav\u00e9s del siguiente n\u00famero <strong>903 551 332<\/strong> o al correo <a href=\"mailto:tesoreria@colbiolima.org\"><strong>tesoreria@colbiolima.org<\/strong><\/a><strong>). <\/strong><\/li><li>Copia del DNI vigente de ambas caras.<\/li><li>Constancia de <strong>Habilidad vigente.<\/strong><\/li><\/ul>\t\t\t\t\t\t\t\t<\/div>\n\t\t\t\t<\/div>\n\t\t\t\t\t<\/div>\n\t\t<\/div>\n\t\t\t\t\t<\/div>\n\t\t<\/section>\n\t\t<div class=\"elementor-element elementor-element-1cd4fbf e-flex e-con-boxed wpr-particle-no wpr-jarallax-no wpr-parallax-no wpr-sticky-section-no wpr-equal-height-no e-con e-parent\" data-id=\"1cd4fbf\" data-element_type=\"container\" data-e-type=\"container\" data-settings=\"{&quot;background_background&quot;:&quot;classic&quot;}\">\n\t\t\t\t\t<div class=\"e-con-inner\">\n\t\t\t\t<div class=\"elementor-element elementor-element-ed15b76 elementor-widget elementor-widget-heading\" data-id=\"ed15b76\" data-element_type=\"widget\" data-e-type=\"widget\" data-widget_type=\"heading.default\">\n\t\t\t\t<div class=\"elementor-widget-container\">\n\t\t\t\t\t<h3 class=\"elementor-heading-title elementor-size-default\">Para mayor informaci\u00f3n pueden comunicarse v\u00eda WhatsApp:<\/h3>\t\t\t\t<\/div>\n\t\t\t\t<\/div>\n\t\t\t\t<div class=\"elementor-element elementor-element-ac3abab elementor-align-center elementor-widget elementor-widget-button\" data-id=\"ac3abab\" data-element_type=\"widget\" data-e-type=\"widget\" data-widget_type=\"button.default\">\n\t\t\t\t<div class=\"elementor-widget-container\">\n\t\t\t\t\t\t\t\t\t<div class=\"elementor-button-wrapper\">\n\t\t\t\t\t<a class=\"elementor-button elementor-button-link elementor-size-sm\" href=\"https:\/\/wa.link\/3wj8qt\" target=\"_blank\">\n\t\t\t\t\t\t<span class=\"elementor-button-content-wrapper\">\n\t\t\t\t\t\t<span class=\"elementor-button-icon\">\n\t\t\t\t<i aria-hidden=\"true\" class=\"fab fa-whatsapp\"><\/i>\t\t\t<\/span>\n\t\t\t\t\t\t\t\t\t<span class=\"elementor-button-text\">CONSULTAS  AQUI<\/span>\n\t\t\t\t\t<\/span>\n\t\t\t\t\t<\/a>\n\t\t\t\t<\/div>\n\t\t\t\t\t\t\t\t<\/div>\n\t\t\t\t<\/div>\n\t\t\t\t\t<\/div>\n\t\t\t\t<\/div>\n\t\t\t\t<\/div>\n\t\t","protected":false},"excerpt":{"rendered":"<p>OTROS SERVICIOS SERVICIO DE MODIFICACI\u00d3N DE SEDE INSTITUCIONAL Presentar una solicitud de traslado (descargar),\u00a0dirigida al Decano Nacional del Colegio de Bi\u00f3logos del Per\u00fa, a trav\u00e9s del Consejo Regional de Origen o al Consejo Regional donde se encuentra laborando. Constancia de no adeudo, cuyo tr\u00e1mite lo deber\u00e1 realizar en su regi\u00f3n de origen. Adjuntar ficha de actualizaci\u00f3n de datos (descargar) Pago de S\/. 66.50 Banco ScotiabankCuenta Corriente SolesN\u00b0 3853339\u00a0CCI 009-097-00000-3853339-74Colegio de Bi\u00f3logos del Per\u00fa \u2013 Consejo Nacional RUC: 20433624531 SERVICIO DE REPOSICI\u00d3N O RENOVACI\u00d3N DE CREDENCIAL PROFESIONAL Presentar una solicitud simple dirigida al Decana Nacional (descarga). Voucher del pago. Foto digital en formato JPG (de frente, fondo blanco). Pago de S\/. 41.50 Banco ScotiabankCuenta Corriente SolesN\u00b0 3853339\u00a0CCI 009-097-00000-3853339-74Colegio de Bi\u00f3logos del Per\u00fa \u2013 Consejo Nacional RUC: 20433624531 REPOSICI\u00d3N O RENOVACI\u00d3N DE DISTINTIVOS Servicio de entrega de medalla institucional = S\/. 66.50 Medalla de Directivo = S\/. 60.00 Solapero = S\/. 18.00 Servicio de emisi\u00f3n de sello profesional = S\/. 41.50 Servicio de acreditaci\u00f3n formal de condici\u00f3n de colegiado\u00a0 = S\/. 66.50 Servicio de reemisi\u00f3n de diploma institucional = S\/. 116.50 Sticker de Segunda Especialidad = S\/. 30.00 Servicio de reemisi\u00f3n de diploma segunda especialidad = S\/. 116.50 Fedateo de Documentos: S\/. 56.50 Ficha de actualizaci\u00f3n necesaria para realizar cualquiera de las reposiciones o renovaci\u00f3n (descargar) El pago correspondiente deber\u00e1 ser abonado a: Banco ScotiabankCuenta Corriente SolesN\u00b0 3853339\u00a0CCI 009-097-00000-3853339-74Colegio de Bi\u00f3logos del Per\u00fa \u2013 Consejo Nacional RUC: 20433624531 MIEMBROS VITALICIOS Conforme al Art. 23\u00b0 del Estatuto y Reglamento vigente del Colegio de Bi\u00f3logos del Per\u00fa, los miembros de la orden que hayan cumplido con sus cotizaciones por un per\u00edodo ininterrumpido de 30 a\u00f1os, o cuya edad cronol\u00f3gica sea igual o mayor a 65 a\u00f1os con aportes de cotizaciones por un per\u00edodo ininterrumpido de 25 a\u00f1os, pueden solicitar ser miembros vitalicios presentando lo siguiente: Solicitud\u00a0(descargar). Ficha de Actualizaci\u00f3n de Datos (descargar). Constancia de NO ADEUDO (deber\u00e1 comunicarse con el \u00c1rea de Tesorer\u00eda a trav\u00e9s del siguiente n\u00famero 903 551 332 o al correo tesoreria@colbiolima.org). Copia del DNI vigente de ambas caras. Constancia de Habilidad vigente. Para mayor informaci\u00f3n pueden comunicarse v\u00eda WhatsApp: CONSULTAS AQUI<\/p>\n","protected":false},"author":1,"featured_media":0,"parent":0,"menu_order":0,"comment_status":"closed","ping_status":"closed","template":"","meta":{"_monsterinsights_skip_tracking":false,"_monsterinsights_sitenote_active":false,"_monsterinsights_sitenote_note":"","_monsterinsights_sitenote_category":0,"site-sidebar-layout":"no-sidebar","site-content-layout":"page-builder","ast-site-content-layout":"full-width-container","site-content-style":"unboxed","site-sidebar-style":"unboxed","ast-global-header-display":"","ast-banner-title-visibility":"","ast-main-header-display":"","ast-hfb-above-header-display":"","ast-hfb-below-header-display":"","ast-hfb-mobile-header-display":"","site-post-title":"disabled","ast-breadcrumbs-content":"","ast-featured-img":"disabled","footer-sml-layout":"","ast-disable-related-posts":"","theme-transparent-header-meta":"","adv-header-id-meta":"","stick-header-meta":"","header-above-stick-meta":"","header-main-stick-meta":"","header-below-stick-meta":"","astra-migrate-meta-layouts":"set","ast-page-background-enabled":"default","ast-page-background-meta":{"desktop":{"background-color":"var(--ast-global-color-4)","background-image":"","background-repeat":"repeat","background-position":"center center","background-size":"auto","background-attachment":"scroll","background-type":"","background-media":"","overlay-type":"","overlay-color":"","overlay-opacity":"","overlay-gradient":""},"tablet":{"background-color":"","background-image":"","background-repeat":"repeat","background-position":"center center","background-size":"auto","background-attachment":"scroll","background-type":"","background-media":"","overlay-type":"","overlay-color":"","overlay-opacity":"","overlay-gradient":""},"mobile":{"background-color":"","background-image":"","background-repeat":"repeat","background-position":"center center","background-size":"auto","background-attachment":"scroll","background-type":"","background-media":"","overlay-type":"","overlay-color":"","overlay-opacity":"","overlay-gradient":""}},"ast-content-background-meta":{"desktop":{"background-color":"var(--ast-global-color-5)","background-image":"","background-repeat":"repeat","background-position":"center center","background-size":"auto","background-attachment":"scroll","background-type":"","background-media":"","overlay-type":"","overlay-color":"","overlay-opacity":"","overlay-gradient":""},"tablet":{"background-color":"var(--ast-global-color-5)","background-image":"","background-repeat":"repeat","background-position":"center center","background-size":"auto","background-attachment":"scroll","background-type":"","background-media":"","overlay-type":"","overlay-color":"","overlay-opacity":"","overlay-gradient":""},"mobile":{"background-color":"var(--ast-global-color-5)","background-image":"","background-repeat":"repeat","background-position":"center center","background-size":"auto","background-attachment":"scroll","background-type":"","background-media":"","overlay-type":"","overlay-color":"","overlay-opacity":"","overlay-gradient":""}},"_joinchat":[],"footnotes":""},"class_list":["post-1468","page","type-page","status-publish","hentry"],"aioseo_notices":[],"_links":{"self":[{"href":"https:\/\/colbiolima.org\/index.php?rest_route=\/wp\/v2\/pages\/1468","targetHints":{"allow":["GET"]}}],"collection":[{"href":"https:\/\/colbiolima.org\/index.php?rest_route=\/wp\/v2\/pages"}],"about":[{"href":"https:\/\/colbiolima.org\/index.php?rest_route=\/wp\/v2\/types\/page"}],"author":[{"embeddable":true,"href":"https:\/\/colbiolima.org\/index.php?rest_route=\/wp\/v2\/users\/1"}],"replies":[{"embeddable":true,"href":"https:\/\/colbiolima.org\/index.php?rest_route=%2Fwp%2Fv2%2Fcomments&post=1468"}],"version-history":[{"count":113,"href":"https:\/\/colbiolima.org\/index.php?rest_route=\/wp\/v2\/pages\/1468\/revisions"}],"predecessor-version":[{"id":3194,"href":"https:\/\/colbiolima.org\/index.php?rest_route=\/wp\/v2\/pages\/1468\/revisions\/3194"}],"wp:attachment":[{"href":"https:\/\/colbiolima.org\/index.php?rest_route=%2Fwp%2Fv2%2Fmedia&parent=1468"}],"curies":[{"name":"wp","href":"https:\/\/api.w.org\/{rel}","templated":true}]}}